15 (base 7) to base 5
20121
504418 (base 12) to base 11
785440
What is 21232333 (base 5) in base 8?
540167
323217 (base 10) to base 3
121102101000
-111221001022 (base 3) to base 5
-32233024
What is 79556 (base 14) in base 15?
5c494
What is 48c35c (base 16) in base 15?
642dbe
What is 3293b0 (base 12) in base 15?
10d3a9
-115255 (base 10) to base 13
-405ca
What is 410111 (base 5) in base 8?
31544
Convert -3484058 (base 10) to base 14.
-6699b4
Convert 12031021020 (base 4) to base 12.
665460
Convert -11000100111000011101 (base 2) to base 16.
-c4e1d
Convert -2022410 (base 12) to base 4.
-112331013030
What is -13455542 (base 6) in base 7?
-3620351
1850dc (base 15) to base 5
300301312
203343 (base 5) to base 2
1101001000011
10010110101111011101011 (base 2) to base 6
253512015
Convert -4705 (base 14) to base 15.
-39d8
Convert -6137124 (base 8) to base 5.
-403342323
What is -1110111111221 (base 3) in base 12?
-315b2a
Convert -40432121 (base 5) to base 9.
-547702
401152 (base 9) to base 14
62565
What is 24e1a (base 15) in base 11?
80665
Convert 1100222002002 (base 3) to base 15.
e58b8
-32121030013 (base 4) to base 11
-2147944
Convert 1101010110100101000 (base 2) to base 9.
736170
Convert -223421114 (base 5) to base 4.
-3303232030
What is -237365 (base 8) in base 6?
-1430005
What is 4220519 (base 10) in base 15?
5857ce
What is -2315060 (base 8) in base 11?
-39a888
What is 4223481 (base 11) in base 15?
9c0164
-31504424 (base 6) to base 11
-582aa3
6603604 (base 8) to base 13
4a0383
What is -a0842 (base 11) in base 10?
-147424
Convert 2022120102021 (base 3) to base 12.
4b4881
Convert -751648 (base 9) to base 12.
-196abb
Convert -89629 (base 12) to base 2.
-101100100001000001
-126ab (base 12) to base 15
-76e2
What is 2051125 (base 9) in base 12?
44a688
Convert ba4a53 (base 15) to base 2.
100001110110110011000011
What is 9931c (base 13) in base 12?
11460a
Convert 47aa23 (base 15) to base 9.
6404176
Convert -142044 (base 7) to base 10.
-27129
-1208302 (base 12) to base 2
-1101010101111110110010
131312234 (base 5) to base 15
ccd14
What is -7cca (base 13) in base 14?
-6593
231515110 (base 6) to base 9
8053576
101220311 (base 4) to base 16
11a35
-414130 (base 7) to base 3
-10121111021
What is 122213120 (base 4) in base 2?
11010100111011000
Convert 3120113233 (base 5) to base 15.
8695cd
59511 (base 15) to base 4
1011133201
Convert 421426 (base 7) to base 9.
120514
1020112001011 (base 3) to base 13
1a1400
-434443412 (base 5) to base 11
-1070676
Convert -2a881 (base 16) to base 2.
-101010100010000001
Convert 49556 (base 11) to base 8.
213051
What is 514324 (base 7) in base 3?
11110200021
-32434313 (base 5) to base 11
-181896
Convert 1001000110011101 (base 2) to base 10.
37277
Convert 192847b (base 13) to base 2.
11111011100101011010010
What is -11031320030 (base 5) in base 7?
-203552223
Convert -33010100230 (base 4) to base 10.
-3949612
Convert 1144413 (base 6) to base 14.
1814d
Convert 8377741 (base 9) to base 10.
4480309
-1261222 (base 7) to base 15
-34351
-58535 (base 12) to base 5
-12241030
-f6fa (base 16) to base 8
-173372
Convert -2540260 (base 9) to base 16.
-15208b
What is -12021200011120 (base 3) in base 15?
-3a7106
Convert -13321311 (base 4) to base 5.
-2013443
Convert -10210212220111 (base 3) to base 13.
-55b9a6
-345352034 (base 6) to base 3
-110002021111211
Convert -87558 (base 11) to base 2.
-11111000010001001
217576 (base 8) to base 9
121855
What is -135686 (base 13) in base 5?
-110002320
What is 101321112 (base 6) in base 4?
12223312010
231215432 (base 6) to base 11
24524a1
Convert -22001300 (base 4) to base 5.
-2303242
Convert -2312010013 (base 4) to base 3.
-1101212221211
-1044142 (base 13) to base 9
-10274181
What is 1000111000001111100111 (base 2) in base 8?
10701747
Convert -124412404 (base 5) to base 2.
-10011000000100000110
What is 3001042 (base 5) in base 7?
254043
What is 2176878 (base 9) in base 2?
100011110010111010111
25a46c (base 15) to base 13
4b3414
-11010111101000011 (base 2) to base 7
-636606
What is 166525140 (base 7) in base 10?
11502582
Convert 2660372 (base 11) to base 3.
22122120212210
What is 11101000100101110110 (base 2) in base 12?
39b3b2
10555162 (base 7) to base 12
385267
What is -2519ad (base 14) in base 8?
-4665105
-10050646 (base 7) to base 14
-17a896
What is 132301342 (base 5) in base 13?
1a40c0
-f82e (base 16) to base 6
-1210050
What is -11001101001100111 (base 2) in base 14?
-2a407
What is 102322202 (base 4) in base 9?
127242
What is 9cadb (base 16) in base 10?
641755
What is -154032 (base 13) in base 4?
-1333222233
What is -2001553 (base 6) in base 9?
-152526
What is 1111000110100111111 (base 2) in base 9?
833801
1478400 (base 9) to base 14
174a36
-20022011100 (base 3) to base 10
-124047
What is -3422036 (base 10) in base 6?
-201202432
Convert 3641067 (base 10) to base 3.
20211222121100
-2013514 (base 6) to base 13
-345a0
What is 2b5eb (base 15) in base 14?
38cc1
-11101300321 (base 4) to base 2
-101010001110000111001
Convert 6083304 (base 11) to base 2.
101001000000101110000110
Convert -ad9d (base 14) to base 11.
-206a9
Convert -2105142 (base 8) to base 7.
-4520551
-25301421 (base 6) to base 11
-508794
20776137 (base 8) to base 15
5d0249
Convert -21212110221211 (base 3) to base 7.
-50356060
What is -12200201303 (base 4) in base 5?
-414043344
What is -112001002 (base 4) in base 9?
-146627
1de572 (base 16) to base 2
111011110010101110010
What is 178475 (base 11) in base 16?
43140
Convert 2020210200102 (base 3) to base 7.
13113113
Convert -99551 (base 10) to base 6.
-2044515
Convert -115024 (base 7) to base 14.
-78bb
What is -403410 (base 16) in base 2?
-10000000011010000010000
What is 12112323322 (base 4) in base 7?
20111335
What is -1530042 (base 7) in base 2?
-110011000000010101
What is ecfbf (base 16) in base 5?
222030222
1571193 (base 11) to base 16
28e819
Convert 585331 (base 9) to base 10.
351649
What is -296cc (base 14) in base 9?
-166115
-22513 (base 11) to base 8
-77463
Convert b887 (base 13) to base 15.
78da
What is 101111111011110 (base 2) in base 4?
11333132
What is -10111001001101010 (base 2) in base 15?
-1d16b
What is -650571 (base 8) in base 15?
-4467a
Convert -1020010200212 (base 3) to base 14.
-12d9a3
What is 10102221212110 (base 3) in base 2?
110111110101100111110
-c344a (base 14) to base 7
-3665323
Convert -100101011101101000 (base 2) to base 8.
-453550
102021020110 (base 3) to base 2
110110001001011110
Convert -d4ee2b (base 15) to base 14.
-14b7b32
Convert 211032411 (base 5) to base 10.
877231
What is 340595 (base 10) in base 12?
14512b
What is 1241024 (base 13) in base 8?
25541152
What is 46522406 (base 7) in base 8?
17463677
5a2499 (base 13) to base 6
114005023
What is 6cd090 (base 14) in base 3?
21000012000002
What is -12323232 (base 5) in base 6?
-2325334
What is 354845 (base 13) in base 16?
1354c1
Convert -10202111201111 (base 3) to base 8.
-7476242
Convert 11101011111110110 (base 2) to base 9.
203656
Convert 241121124 (base 5) to base 11.
6a099a
What is 3aae0 (base 16) in base 7?
2020510
Convert 3033860 (base 9) to base 11.
a04885
Convert 124214411 (base 6) to base 15.
33421a
325805 (base 9) to base 11
1231aa
What is d546 (base 14) in base 9?
55323
Convert 3331435 (base 7) to base 4.
1210120000
Convert -3256d (base 15) to base 13.
-579b5
494cb (base 13) to base 10
134860
What is -10323031111 (base 4) in base 2?
-100111011001101010101
What is 13032212 (base 5) in base 15?
27a3c
Convert 1101112313 (base 4) to base 13.
b88aa
Convert -32131422 (base 5) to base 10.
-270862
-49a01 (base 16) to base 8
-1115001
-32122232 (base 5) to base 10
-270317
-70c79 (base 14) to base 13
-96699
Convert 22002222011000 (base 3) to base 13.
b7b991
6b0186 (base 12) to base 13
483654
What is 2d067 (base 15) in base 9?
241177
What is -100021220011 (base 3) in base 7?
-1361146
What is -113002310101 (base 4) in base 13?
-1336789
Convert 75584 (base 10) to base 12.
378a8
Convert 42ab4 (base 13) to base 2.
11101011010011011
What is -1338550 (base 13) in base 16?
-5c3cb9
What is -15263526 (base 8) in base 14?
-671662
-101101110001111101011 (base 2) to base 14
-2b09ab
What is -303b1d (base 16) in base 9?
-5846787
Convert 2160025 (base 9) to base 15.
17e165
-53082 (base 12) to base 13
-3a799
-1819d4 (base 16) to base 7
-16